ulate the greatest common factor of 384 and f.
24
Let w be (5 - (0 - 47)) + -7. Calculate the greatest common divisor of w and 345.
15
Suppose 35 = s - 4*c, 0 = 3*s - 3*c - c - 65. Suppose -m + 2 = -s. Suppose 74 - 329 = -5*z. What is the highest common factor of m and z?
17
Let l be -12*(1/(-8) + (-551)/456). What is the greatest common factor of l and 8?
8
Let m(v) = 2*v**2 + 3*v - 3. Let f(q) = -q**2 + 8*q - 5. Let x be f(8). Let p be m(x). Let k = -157 - -205. Calculate the greatest common divisor of k and p.
16
Suppose 4*x + 56 = 3*c, -22 = -5*x - 32. Calculate the greatest common factor of c and 196.
4
Suppose 0 = -14*p + 27*p - 364. What is the greatest common factor of 70 and p?
14
Let t = 16 + 14. Let s be (-1)/(-2)*0/3. Let x be (-15*1)/(-1 + s). What is the greatest common divisor of x and t?
15
Let m be (-2 - 2)/(1/10). Let i be (m/6)/(2/(-9)). Suppose -4*y = -0*q - q - 40, 4*y - 40 = -q. Calculate the highest common divisor of i and y.
10
Let v(f) = f**2 + 8*f + 20. Suppose 7 = 4*h + 5*a + 41, -3*h - 3*a = 24. Let x be v(h). What is the highest common divisor of x and 40?
8
Suppose 20 + 8 = 2*d. Let y = d - 4. Suppose -5*k + 2*k = -120. Calculate the greatest common divisor of k and y.
10
Let v(d) = 3*d**2 - 11*d. Let u be v(4). Suppose 0 = u*g - 2*w - 324, w - 5*w + 152 = 2*g. What is the highest common divisor of g and 10?
10
Let g(m) = m**2 - 7*m + 6. Let h be g(14). Let n be ((-10)/(-4) + 0)*68/5. Let z = n - 8. Calculate the highest common factor of z and h.
26
Let q be ((-2)/(-4))/(17/(-136)). Let p be ((-1)/(-21))/(q/(-24))*7. What is the highest common factor of p and 2?
2
Let b = 2664 + -1764. Let f = b - 627. What is the greatest common factor of 39 and f?
39
Suppose 105 = -24*c + 31*c. Suppose -5*p = 5*t - 290, -4*t = 3*p - 35 - 192. Let l = 22 + t. Calculate the greatest common divisor of l and c.
15
Let k be ((-30)/12 + -4)*-26. Let r = k + -81. Calculate the highest common divisor of 11 and r.
11
Let c(f) = -5 + 10 - 19*f + 4*f - 5*f. Let w be c(-2). Calculate the greatest common divisor of 5 and w.
5
Suppose 5*f - 5 = 0, 6 = -4*s + f + 401. Let n(q) = -7*q - 26. Suppose -7*x + 4*x = 15. Let v be n(x). What is the greatest common divisor of s and v?
9
Let i(f) = f**3 - 11*f**2 + 5*f - 15. Let t be i(11). Let l be (6/8 - (-10)/t)*17. What is the highest common factor of 51 and l?
17
Let u = -75 + -50. Let q = u + 180. Let d be -4*(-2 - (-9)/12). What is the greatest common factor of d and q?
5
Suppose -1640 = -10*a + 300. Suppose -5*s + a = -51. What is the greatest common factor of s and 196?
49
Suppose 0 = -5*x - 5*u + 520, -x + 6*u = 2*u - 109. Suppose -x - 127 = -4*g. What is the greatest common factor of 29 and g?
29
Suppose 0 = -2*h + 71 + 151. Let v be (-80 - -3) + 0 + 2. Let a = h + v. What is the highest common divisor of 9 and a?
9
Suppose 0 = 5*c - 4*p, 4*p - 6*p + 14 = c. Calculate the greatest common divisor of 10 and c.
2
Suppose 4*z - 64 = -r + 3, -28 = -z - 4*r. Let o be -2 + (z - 3) + -1. Calculate the greatest common factor of o and 50.
10
Suppose 6*q = 25 + 59. Suppose 175 = 3*j + 2*j. Calculate the highest common factor of j and q.
7
Let m be 14*(1/(-2) + 1) + 5. What is the greatest common factor of m and 384?
12
Let t be ((-252)/(-98))/((-3)/(-14)). Suppose 3*v + 6 = 6*v - 3*d, 3*d = -9. Let r be 54*(2 + 0/v). What is the greatest common divisor of t and r?
12
Suppose -5*m + 164 = -6. Let i be (0/1)/(-1 + 0). Suppose i = -6*x + 4*x + m. Calculate the greatest common factor of 187 and x.
17
Suppose 34 = 3*z - 5*s, -3*z + 2*s + 45 = -1. Suppose -4*v = 20, 73*q = 71*q - v + 103. What is the highest common divisor of q and z?
18
Let d(n) = 9*n**2 + 6*n + 4. Let h be d(6). Suppose -3*b = -h - 74. Suppose 4*a - b = -2. What is the greatest common divisor of a and 4?
4
Let b be (-2 + 1)*(-3)/3. Let g be (b + -4)/((-1)/(-3)). Let i = g + 16. What is the highest common divisor of i and 56?
7
Suppose 0 = -14*d + 11*d + 264. What is the highest common factor of 33 and d?
11
Let d = -37 - -49. Let h be 9/d - (-132)/16. What is the greatest common factor of 18 and h?
9
Let j = -1440 - -1461. Suppose -3*w = -4*n - 827, -2*w + 3*n = -3*w + 267. Calculate the greatest common factor of w and j.
21
Suppose 3*w - 5*w + 695 = 5*k, -5*k = -w + 355. What is the greatest common divisor of 140 and w?
70
Suppose -64*m + 5070 = -51*m. Calculate the highest common factor of m and 624.
78
Let a be (-1305)/(-20) + (-6)/(-8). What is the greatest common divisor of 858 and a?
66
Suppose 0 = 21*d - 618 - 558. What is the greatest common factor of 287 and d?
7
Suppose -55 = -4*q + 5. Suppose -17 = -4*n + q. Suppose 0 = 3*x - 3*m - m + n, 0 = 4*m - 20. What is the greatest common factor of 44 and x?
4
Let i = 394 - 277. What is the greatest common divisor of i and 99?
9
Let q be (-1)/(-4) - (-76)/(-16)*-1. Suppose 2*g + 4*t - 48 = 0, 3*g - q*t - 27 = -2*t. What is the greatest common factor of g and 56?
14
Suppose 0 = -0*f - 5*f. Let c be (0 + f)/1 - -1. Suppose 17 = n + 10. What is the highest common divisor of n and c?
1
Suppose 0 = -2*f - 3*f + 40. Let q(b) = b**2 - 6*b - 8. Let c be q(f). Calculate the greatest common divisor of 12 and c.
4
Let x be 4 + 3/(-3) + 16. Suppose -2*u = -5*y + 6, -u - 3*y + x = -0*u. Let z be (-196)/(-35)*(4 - -1). Calculate the greatest common factor of u and z.
7
Let f(t) = -t**2 + 16. Let x be f(0). Let s(o) = 136*o**2 - o. Let w be s(-1). Let i = w - x. Calculate the highest common factor of 11 and i.
11
Suppose -10*v = -9*v - 6. Let n = 12 + -6. Calculate the greatest common divisor of n and v.
6
Let i be 1764/22 - (1476/132 + -11). Calculate the highest common divisor of i and 128.
16
Suppose 0 = -7*t + 4*t - 3. Let o be ((-2)/(-4) + t)*0. Suppose o*u + u = -l - 2, l = -5*u + 2. What is the greatest common divisor of u and 11?
1
Suppose 8*z + 2*z - 1890 = 0. Suppose 12*c - 51 = z. Calculate the greatest common factor of 4 and c.
4
Let q be (-60)/9*(-231)/28. Let t = q - 49. Calculate the highest common factor of 21 and t.
3
Suppose 5*v + u - 247 = 0, -2*v + 52 + 51 = -u. Let z be (-6)/((9/(-4))/(-3)). Let w be (-299)/(-4) - 2/z. Calculate the highest common divisor of v and w.
25
Let g be -5 + -9*(-20)/5. What is the highest common factor of g and 1147?
31
Suppose -3*x - 3*y = -60, 0 = 4*x - 2*y - 11 - 57. What is the greatest common divisor of 354 and x?
6
Let y(d) = -d**3 + 8*d**2 + d + 6. Let u be y(8). Calculate the greatest common factor of u and 2.
2
Suppose 0 = -4*q + 12, 0*q + 6 = 5*s - 3*q. Suppose -3*k - s = -0*k. Let f be (-2)/k + -3 + 8. What is the greatest common factor of 21 and f?
7
Suppose 68*l + 7109 = 70*l - 5*d, 4*d = -l + 3587. What is the highest common divisor of 87 and l?
87
Suppose 2*m + 2*m - 16 = 0. Suppose -8*i + m*i - 3*f = -51, -i + 10 = -2*f. Let k be i*(-9)/(-12)*6. Calculate the greatest common factor of k and 36.
18
Let x(s) = s**2 - 3*s - 7. Let i be x(6). Let u = -1454 + 1531. What is the greatest common factor of u and i?
11
Let q(b) = 7*b - 19. Let u be q(7). Suppose 2*h - 77 = -3*o + u, -169 = -5*o - h. What is the greatest common factor of 22 and o?
11
Suppose 5*d - 6*r = -4*r + 823, -2*d + 333 = 3*r. What is the highest common divisor of d and 264?
33
Let x = 45 + -44. What is the highest common factor of 1 and x?
1
Suppose -4*r = 2*o - 16, 0 = 4*r - r - 4*o - 1. Suppose -385 = -5*q - 2*d, 0 = r*q + 3*d - 8*d - 200. What is the highest common factor of q and 15?
15
Let w(b) = 4*b**2 - 9. Let t be w(3). What is the highest common divisor of t and 36?
9
Let j = 16 + 6. Suppose 4*k + 4*p = -0*p + 2176, -5*k + 3*p + 2720 = 0. Suppose k = 5*v - 666. Calculate the highest common divisor of j and v.
22
Let b = 490 - 70. Calculate the highest common factor of b and 15.
15
Let g be ((-2)/5)/(12/(-3300)). What is the highest common factor of g and 132?
22
Suppose -236*n - 240 = -260*n. Calculate the greatest common divisor of 205 and n.
5
Let t = -26 + 31. Suppose j = -1, -s - 57 = -t*s - 3*j. Let r be (3/6)/((-1)/(-12)). Calculate the highest common factor of s and r.
3
Let j(i) = 49*i**2 + 333*i - 10. Let x be j(-7). Let h be (-30)/4*16/(-6). Calculate the highest common divisor of x and h.
20
Let q(h) = 18*h - 13. Let b be q(1). What is the greatest comm